{"id":37,"date":"2016-03-25T22:02:18","date_gmt":"2016-03-25T20:02:18","guid":{"rendered":"http:\/\/www.systemservis.sk\/?page_id=37"},"modified":"2016-03-31T13:41:55","modified_gmt":"2016-03-31T11:41:55","slug":"o-spolocnosti","status":"publish","type":"page","link":"https:\/\/www.systemservis.sk\/?page_id=37","title":{"rendered":"O spolo\u010dnosti"},"content":{"rendered":"<p><img loading=\"lazy\" decoding=\"async\" class=\"size-full wp-image-38 aligncenter\" src=\"http:\/\/www.systemservis.sk\/wp-content\/uploads\/2016\/03\/o-spolocnosti.jpg\" alt=\"o spolocnosti\" width=\"400\" height=\"250\" srcset=\"https:\/\/www.systemservis.sk\/wp-content\/uploads\/2016\/03\/o-spolocnosti.jpg 400w, https:\/\/www.systemservis.sk\/wp-content\/uploads\/2016\/03\/o-spolocnosti-300x188.jpg 300w\" sizes=\"auto, (max-width: 400px) 85vw, 400px\" \/><\/p>\n<p>Na\u0161a spolo\u010dnos\u0165 sa zameriava na \u0161irok\u00e9 spektrum \u010dinnost\u00ed v odbore telekomunik\u00e1ci\u00ed a servisu kritickej infra\u0161trukt\u00fary. Pon\u00fakame kompletn\u00fa dod\u00e1vku a mont\u00e1\u017e optickych siet\u00ed. Prekl\u00e1dky telekomunika\u010dn\u00fdch k\u00e1blov, zafukovanie, zv\u00e1ranie a meranie optick\u00fdch k\u00e1blov a vn\u00fatorn\u00e9 in\u0161tal\u00e1cie k\u00e1blov\u00fdch rozvodov v bytov\u00fdch domoch, syst\u00e9mov, d\u00e1tov\u00fdch a po\u010d\u00edta\u010dov\u00fdch siet\u00ed.<\/p>\n<p>V na\u0161ej spolo\u010dnosti pracuj\u00fa kvalifikovan\u00ed zamestnanci, ktor\u00ed s\u00fa pravidelne pre\u0161ko\u013eovan\u00ed. Na\u0161a spolo\u010dnos\u0165 je pravidelne certifikovan\u00e1 v syst\u00e9me kvality ISO 9001, ISO 14001, OHSAS 18001 a ISO27001. Cie\u013eom vedenia spolo\u010dnosti a zamestnancov je predov\u0161etk\u00fdm v\u00fdvoj nov\u00fdch aktiv\u00edt na dosiahnutie maxim\u00e1lnej spokojnosti z\u00e1kazn\u00edka a to najm\u00e4 profesion\u00e1lnym pr\u00edstupom, dodr\u017eiavan\u00edm stanoven\u00fdch term\u00ednov a odovzdan\u00edm pr\u00e1ce v najvy\u0161\u0161\u00edch stup\u0148och kvality.<\/p>\n","protected":false},"excerpt":{"rendered":"<p>Na\u0161a spolo\u010dnos\u0165 sa zameriava na \u0161irok\u00e9 spektrum \u010dinnost\u00ed v odbore telekomunik\u00e1ci\u00ed a servisu kritickej infra\u0161trukt\u00fary. Pon\u00fakame kompletn\u00fa dod\u00e1vku a mont\u00e1\u017e optickych siet\u00ed. Prekl\u00e1dky telekomunika\u010dn\u00fdch k\u00e1blov, zafukovanie, zv\u00e1ranie a meranie optick\u00fdch k\u00e1blov a vn\u00fatorn\u00e9 in\u0161tal\u00e1cie k\u00e1blov\u00fdch rozvodov v bytov\u00fdch domoch, syst\u00e9mov, d\u00e1tov\u00fdch a po\u010d\u00edta\u010dov\u00fdch siet\u00ed. V na\u0161ej spolo\u010dnosti pracuj\u00fa kvalifikovan\u00ed zamestnanci, ktor\u00ed s\u00fa pravidelne pre\u0161ko\u013eovan\u00ed. Na\u0161a &hellip; <a href=\"https:\/\/www.systemservis.sk\/?page_id=37\" class=\"more-link\">Pokra\u010dova\u0165 v \u010d\u00edtan\u00ed<span class=\"screen-reader-text\"> &#8222;O spolo\u010dnosti&#8220;<\/span><\/a><\/p>\n","protected":false},"author":1,"featured_media":0,"parent":0,"menu_order":0,"comment_status":"closed","ping_status":"closed","template":"","meta":{"footnotes":""},"class_list":["post-37","page","type-page","status-publish","hentry"],"_links":{"self":[{"href":"https:\/\/www.systemservis.sk\/index.php?rest_route=\/wp\/v2\/pages\/37","targetHints":{"allow":["GET"]}}],"collection":[{"href":"https:\/\/www.systemservis.sk\/index.php?rest_route=\/wp\/v2\/pages"}],"about":[{"href":"https:\/\/www.systemservis.sk\/index.php?rest_route=\/wp\/v2\/types\/page"}],"author":[{"embeddable":true,"href":"https:\/\/www.systemservis.sk\/index.php?rest_route=\/wp\/v2\/users\/1"}],"replies":[{"embeddable":true,"href":"https:\/\/www.systemservis.sk\/index.php?rest_route=%2Fwp%2Fv2%2Fcomments&post=37"}],"version-history":[{"count":2,"href":"https:\/\/www.systemservis.sk\/index.php?rest_route=\/wp\/v2\/pages\/37\/revisions"}],"predecessor-version":[{"id":90,"href":"https:\/\/www.systemservis.sk\/index.php?rest_route=\/wp\/v2\/pages\/37\/revisions\/90"}],"wp:attachment":[{"href":"https:\/\/www.systemservis.sk\/index.php?rest_route=%2Fwp%2Fv2%2Fmedia&parent=37"}],"curies":[{"name":"wp","href":"https:\/\/api.w.org\/{rel}","templated":true}]}}