{"id":72,"date":"2016-03-27T22:41:03","date_gmt":"2016-03-27T20:41:03","guid":{"rendered":"http:\/\/www.systemservis.sk\/?page_id=72"},"modified":"2016-03-27T22:41:29","modified_gmt":"2016-03-27T20:41:29","slug":"72-2","status":"publish","type":"page","link":"https:\/\/www.systemservis.sk\/?page_id=72","title":{"rendered":"Servis"},"content":{"rendered":"<p>Servis kritickej infra\u0161trukt\u00fary technologick\u00fdch prev\u00e1dzok, d\u00e1tov\u00fdch centier, serverovien, a telekomunika\u010dn\u00fdch siet\u00ed.<\/p>\n<p>Sme partner pre rie\u0161enie probl\u00e9mov s podpornou infra\u0161trukt\u00farou.<\/p>\n<p>Rozsah \u010dinnosti:<\/p>\n<ul>\n<li>1) \u00a0 profylaktick\u00e9 prehliadky,<\/li>\n<li>2) \u00a0 in\u0161tal\u00e1cia zariaden\u00ed,<\/li>\n<li>3) \u00a0 servisn\u00e9 z\u00e1sahy,<\/li>\n<li>4) \u00a0 opravy zariaden\u00ed,<\/li>\n<li>5) \u00a0 kapacitn\u00e9 sk\u00fa\u0161ky,<\/li>\n<li>6) \u00a0 meranie parametrov a\u00a0analytick\u00e9 vyhodnocovanie.<\/li>\n<\/ul>\n<p><img loading=\"lazy\" decoding=\"async\" class=\"size-large wp-image-73 aligncenter\" src=\"http:\/\/www.systemservis.sk\/wp-content\/uploads\/2016\/03\/servis-1-1024x159.jpg\" alt=\"servis\" width=\"640\" height=\"99\" srcset=\"https:\/\/www.systemservis.sk\/wp-content\/uploads\/2016\/03\/servis-1-1024x159.jpg 1024w, https:\/\/www.systemservis.sk\/wp-content\/uploads\/2016\/03\/servis-1-300x47.jpg 300w, https:\/\/www.systemservis.sk\/wp-content\/uploads\/2016\/03\/servis-1-768x119.jpg 768w, https:\/\/www.systemservis.sk\/wp-content\/uploads\/2016\/03\/servis-1.jpg 1273w\" sizes=\"auto, (max-width: 640px) 85vw, 640px\" \/><\/p>\n","protected":false},"excerpt":{"rendered":"<p>Servis kritickej infra\u0161trukt\u00fary technologick\u00fdch prev\u00e1dzok, d\u00e1tov\u00fdch centier, serverovien, a telekomunika\u010dn\u00fdch siet\u00ed. Sme partner pre rie\u0161enie probl\u00e9mov s podpornou infra\u0161trukt\u00farou. Rozsah \u010dinnosti: 1) \u00a0 profylaktick\u00e9 prehliadky, 2) \u00a0 in\u0161tal\u00e1cia zariaden\u00ed, 3) \u00a0 servisn\u00e9 z\u00e1sahy, 4) \u00a0 opravy zariaden\u00ed, 5) \u00a0 kapacitn\u00e9 sk\u00fa\u0161ky, 6) \u00a0 meranie parametrov a\u00a0analytick\u00e9 vyhodnocovanie.<\/p>\n","protected":false},"author":1,"featured_media":0,"parent":0,"menu_order":0,"comment_status":"closed","ping_status":"closed","template":"","meta":{"footnotes":""},"class_list":["post-72","page","type-page","status-publish","hentry"],"_links":{"self":[{"href":"https:\/\/www.systemservis.sk\/index.php?rest_route=\/wp\/v2\/pages\/72","targetHints":{"allow":["GET"]}}],"collection":[{"href":"https:\/\/www.systemservis.sk\/index.php?rest_route=\/wp\/v2\/pages"}],"about":[{"href":"https:\/\/www.systemservis.sk\/index.php?rest_route=\/wp\/v2\/types\/page"}],"author":[{"embeddable":true,"href":"https:\/\/www.systemservis.sk\/index.php?rest_route=\/wp\/v2\/users\/1"}],"replies":[{"embeddable":true,"href":"https:\/\/www.systemservis.sk\/index.php?rest_route=%2Fwp%2Fv2%2Fcomments&post=72"}],"version-history":[{"count":4,"href":"https:\/\/www.systemservis.sk\/index.php?rest_route=\/wp\/v2\/pages\/72\/revisions"}],"predecessor-version":[{"id":77,"href":"https:\/\/www.systemservis.sk\/index.php?rest_route=\/wp\/v2\/pages\/72\/revisions\/77"}],"wp:attachment":[{"href":"https:\/\/www.systemservis.sk\/index.php?rest_route=%2Fwp%2Fv2%2Fmedia&parent=72"}],"curies":[{"name":"wp","href":"https:\/\/api.w.org\/{rel}","templated":true}]}}