{"id":81,"date":"2016-03-27T22:44:03","date_gmt":"2016-03-27T20:44:03","guid":{"rendered":"http:\/\/www.systemservis.sk\/?page_id=81"},"modified":"2016-03-31T15:19:02","modified_gmt":"2016-03-31T13:19:02","slug":"vnutorne-zariadenia","status":"publish","type":"page","link":"https:\/\/www.systemservis.sk\/?page_id=81","title":{"rendered":"Vn\u00fatorn\u00e9 zariadenia"},"content":{"rendered":"<p><img loading=\"lazy\" decoding=\"async\" class=\"aligncenter size-full wp-image-102\" src=\"http:\/\/www.systemservis.sk\/wp-content\/uploads\/2016\/03\/011.png\" alt=\"011\" width=\"768\" height=\"230\" srcset=\"https:\/\/www.systemservis.sk\/wp-content\/uploads\/2016\/03\/011.png 768w, https:\/\/www.systemservis.sk\/wp-content\/uploads\/2016\/03\/011-300x90.png 300w\" sizes=\"auto, (max-width: 768px) 85vw, 768px\" \/><\/p>\n<ul>\n<li>pripojenie budovy na telekomunika\u010dn\u00fa sie\u0165 vybudovan\u00edm pr\u00edpojn\u00fdch k\u00e1blov\u00fdch tr\u00e1s\n<ul>\n<li>metalick\u00e9<\/li>\n<li>optick\u00e9<\/li>\n<li>pripojenie vzduchom<\/li>\n<\/ul>\n<\/li>\n<li>v\u00fdstavba \u0161trukt\u00farovan\u00fdch kabel\u00e1\u017e\u00ed<\/li>\n<li>pripojenie jednotliv\u00fdch technick\u00fdch zariaden\u00ed<\/li>\n<\/ul>\n","protected":false},"excerpt":{"rendered":"<p>pripojenie budovy na telekomunika\u010dn\u00fa sie\u0165 vybudovan\u00edm pr\u00edpojn\u00fdch k\u00e1blov\u00fdch tr\u00e1s metalick\u00e9 optick\u00e9 pripojenie vzduchom v\u00fdstavba \u0161trukt\u00farovan\u00fdch kabel\u00e1\u017e\u00ed pripojenie jednotliv\u00fdch technick\u00fdch zariaden\u00ed<\/p>\n","protected":false},"author":1,"featured_media":0,"parent":0,"menu_order":0,"comment_status":"closed","ping_status":"closed","template":"","meta":{"footnotes":""},"class_list":["post-81","page","type-page","status-publish","hentry"],"_links":{"self":[{"href":"https:\/\/www.systemservis.sk\/index.php?rest_route=\/wp\/v2\/pages\/81","targetHints":{"allow":["GET"]}}],"collection":[{"href":"https:\/\/www.systemservis.sk\/index.php?rest_route=\/wp\/v2\/pages"}],"about":[{"href":"https:\/\/www.systemservis.sk\/index.php?rest_route=\/wp\/v2\/types\/page"}],"author":[{"embeddable":true,"href":"https:\/\/www.systemservis.sk\/index.php?rest_route=\/wp\/v2\/users\/1"}],"replies":[{"embeddable":true,"href":"https:\/\/www.systemservis.sk\/index.php?rest_route=%2Fwp%2Fv2%2Fcomments&post=81"}],"version-history":[{"count":3,"href":"https:\/\/www.systemservis.sk\/index.php?rest_route=\/wp\/v2\/pages\/81\/revisions"}],"predecessor-version":[{"id":103,"href":"https:\/\/www.systemservis.sk\/index.php?rest_route=\/wp\/v2\/pages\/81\/revisions\/103"}],"wp:attachment":[{"href":"https:\/\/www.systemservis.sk\/index.php?rest_route=%2Fwp%2Fv2%2Fmedia&parent=81"}],"curies":[{"name":"wp","href":"https:\/\/api.w.org\/{rel}","templated":true}]}}